{"id":3305,"date":"2026-03-27T12:45:26","date_gmt":"2026-03-27T12:45:26","guid":{"rendered":"https:\/\/dgepa.meci.pt\/?page_id=3305"},"modified":"2026-03-27T12:47:01","modified_gmt":"2026-03-27T12:47:01","slug":"direcao-de-servicos-de-prospetiva-e-planeamento-de-politicas-publicas","status":"publish","type":"page","link":"https:\/\/dgepa.meci.pt\/en\/direcao-de-servicos-de-prospetiva-e-planeamento-de-politicas-publicas\/","title":{"rendered":"Dire\u00e7\u00e3o de Servi\u00e7os de Prospetiva e Planeamento de Pol\u00edticas P\u00fablicas"},"content":{"rendered":"<section id=\"block_4fcbd7f0ee8625f97c5e3f45426e32ea\" class=\"content-block b-text --bg-white --width-full\">\n\n\t\t\t<div class=\"c-section-intro --align-left\">\n\t<div class=\"container\">\n\t\t\t\t\t\t\t<h2 class=\"headline-1\">Dire\u00e7\u00e3o de Servi\u00e7os de Prospetiva e Planeamento de Pol\u00edticas P\u00fablicas (DSP4)<\/h2>\t\t\t\t\t<\/div>\n<\/div>\n\n\t\t\t<div class=\"container\">\n\t\t\t\t\t\t\t\t\t\t\t\t\t\t\t\t\t<div class=\"c-wysiwyg\"><p>\u00c0 <strong>DSP4<\/strong> compete:<\/p>\n<p>a) Elaborar, coordenar, colaborar e promover a realiza\u00e7\u00e3o de an\u00e1lises ou estudos, incluindo de natureza prospetiva, para a formula\u00e7\u00e3o e acompanhamento de prioridades estrat\u00e9gicas em mat\u00e9ria de pol\u00edtica p\u00fablica do MECI, tendo em conta, sempre que relevante, as estrat\u00e9gias e iniciativas da Uni\u00e3o Europeia;<\/p>\n<p>b) Contribuir para a prepara\u00e7\u00e3o e elabora\u00e7\u00e3o dos instrumentos de planeamento estrat\u00e9gico do MECI e nacionais, nomeadamente os Or\u00e7amentos do Estado, as estrat\u00e9gias de m\u00e9dio e longo prazo, as Grandes Op\u00e7\u00f5es e o Programa Nacional de Reformas, no quadro da Rede de Planeamento e Prospetiva da Administra\u00e7\u00e3o P\u00fablica (REPLAN);<\/p>\n<p>c) Elaborar e atualizar um quadro de refer\u00eancia estrat\u00e9gica e um roteiro calendarizado e articulado para os diferentes horizontes temporais, com os correspondentes instrumentos de planeamento e medidas de pol\u00edtica p\u00fablica do MECI;<\/p>\n<p>d) Apoiar na defini\u00e7\u00e3o e articula\u00e7\u00e3o das medidas de pol\u00edticas p\u00fablicas, promovendo a sua coer\u00eancia face \u00e0s medidas em curso e aos instrumentos de planeamento em vigor, em articula\u00e7\u00e3o com a Dire\u00e7\u00e3o de Servi\u00e7os de Monitoriza\u00e7\u00e3o e Avalia\u00e7\u00e3o de Pol\u00edticas P\u00fablicas;<\/p>\n<p>e) Elaborar pareceres ou notas de natureza prospetiva sobre pol\u00edticas p\u00fablicas do MECI;+<\/p>\n<p>f) Conceber e difundir guias metodol\u00f3gicos e instrumentos de planeamento das pol\u00edticas p\u00fablicas desenvolvidas no \u00e2mbito do MECI;<\/p>\n<p>g) Contribuir para a conce\u00e7\u00e3o de iniciativas legislativas do MECI, no \u00e2mbito do planeamento estrat\u00e9gico e da formula\u00e7\u00e3o, articula\u00e7\u00e3o e coer\u00eancia de pol\u00edticas p\u00fablicas;<\/p>\n<p>h) Assegurar a interlocu\u00e7\u00e3o, no plano t\u00e9cnico, com entidades nacionais e internacionais relevantes na \u00e1rea de atua\u00e7\u00e3o da DSP4;<\/p>\n<p>i) Coordenar as atividades relevantes entre todos os organismos das \u00e1reas governativas da educa\u00e7\u00e3o, ensino superior, ci\u00eancia e inova\u00e7\u00e3o para a prossecu\u00e7\u00e3o das atribui\u00e7\u00f5es da DSP4;<\/p>\n<p>j) Recolher junto de todos os organismos das \u00e1reas governativas da educa\u00e7\u00e3o, ensino superior, ci\u00eancia e inova\u00e7\u00e3o, informa\u00e7\u00e3o qualitativa e quantitativa relevante para o planeamento e prospetiva de pol\u00edticas p\u00fablicas do MECI;<\/p>\n<p>k) Assegurar os conte\u00fados das a\u00e7\u00f5es de capacita\u00e7\u00e3o e desenvolvimento de compet\u00eancias dirigidas aos organismos e servi\u00e7os do MECI, na sua \u00e1rea de atua\u00e7\u00e3o;<\/p>\n<p>l) Prestar apoio t\u00e9cnico no \u00e2mbito das suas compet\u00eancias, quando solicitado, a outros servi\u00e7os e organismos do MECI.<\/p>\n<\/div>\n\t\t\t\t\t\t\t\t\t\t\t<\/div>\n\n\t\t<\/section>","protected":false},"excerpt":{"rendered":"","protected":false},"author":3,"featured_media":0,"parent":0,"menu_order":0,"comment_status":"closed","ping_status":"closed","template":"","meta":{"_acf_changed":false,"footnotes":""},"class_list":["post-3305","page","type-page","status-publish","hentry"],"acf":[],"yoast_head":"<!-- This site is optimized with the Yoast SEO plugin v27.5 - https:\/\/yoast.com\/product\/yoast-seo-wordpress\/ -->\n<title>Dire\u00e7\u00e3o de Servi\u00e7os de Prospetiva e Planeamento de Pol\u00edticas P\u00fablicas - DGEPA<\/title>\n<meta name=\"robots\" content=\"index, follow, max-snippet:-1, max-image-preview:large, max-video-preview:-1\" \/>\n<link rel=\"canonical\" href=\"https:\/\/dev.dgepa.meci.pt\/direcao-de-servicos-de-prospetiva-e-planeamento-de-politicas-publicas\/\" \/>\n<meta property=\"og:locale\" content=\"en_GB\" \/>\n<meta property=\"og:type\" content=\"article\" \/>\n<meta property=\"og:title\" content=\"Dire\u00e7\u00e3o de Servi\u00e7os de Prospetiva e Planeamento de Pol\u00edticas P\u00fablicas - DGEPA\" \/>\n<meta property=\"og:url\" content=\"https:\/\/dev.dgepa.meci.pt\/direcao-de-servicos-de-prospetiva-e-planeamento-de-politicas-publicas\/\" \/>\n<meta property=\"og:site_name\" content=\"DGEPA\" \/>\n<meta property=\"article:modified_time\" content=\"2026-03-27T12:47:01+00:00\" \/>\n<meta name=\"twitter:card\" content=\"summary_large_image\" \/>\n<script type=\"application\/ld+json\" class=\"yoast-schema-graph\">{\"@context\":\"https:\\\/\\\/schema.org\",\"@graph\":[{\"@type\":\"WebPage\",\"@id\":\"https:\\\/\\\/dev.dgepa.meci.pt\\\/direcao-de-servicos-de-prospetiva-e-planeamento-de-politicas-publicas\\\/\",\"url\":\"https:\\\/\\\/dev.dgepa.meci.pt\\\/direcao-de-servicos-de-prospetiva-e-planeamento-de-politicas-publicas\\\/\",\"name\":\"Dire\u00e7\u00e3o de Servi\u00e7os de Prospetiva e Planeamento de Pol\u00edticas P\u00fablicas - DGEPA\",\"isPartOf\":{\"@id\":\"https:\\\/\\\/dev.dgepa.meci.pt\\\/#website\"},\"datePublished\":\"2026-03-27T12:45:26+00:00\",\"dateModified\":\"2026-03-27T12:47:01+00:00\",\"breadcrumb\":{\"@id\":\"https:\\\/\\\/dev.dgepa.meci.pt\\\/direcao-de-servicos-de-prospetiva-e-planeamento-de-politicas-publicas\\\/#breadcrumb\"},\"inLanguage\":\"en-GB\",\"potentialAction\":[{\"@type\":\"ReadAction\",\"target\":[\"https:\\\/\\\/dev.dgepa.meci.pt\\\/direcao-de-servicos-de-prospetiva-e-planeamento-de-politicas-publicas\\\/\"]}]},{\"@type\":\"BreadcrumbList\",\"@id\":\"https:\\\/\\\/dev.dgepa.meci.pt\\\/direcao-de-servicos-de-prospetiva-e-planeamento-de-politicas-publicas\\\/#breadcrumb\",\"itemListElement\":[{\"@type\":\"ListItem\",\"position\":1,\"name\":\"Home\",\"item\":\"https:\\\/\\\/dev.dgepa.meci.pt\\\/\"},{\"@type\":\"ListItem\",\"position\":2,\"name\":\"Dire\u00e7\u00e3o de Servi\u00e7os de Prospetiva e Planeamento de Pol\u00edticas P\u00fablicas\"}]},{\"@type\":\"WebSite\",\"@id\":\"https:\\\/\\\/dev.dgepa.meci.pt\\\/#website\",\"url\":\"https:\\\/\\\/dev.dgepa.meci.pt\\\/\",\"name\":\"DGEPA\",\"description\":\"Dire\u00e7\u00e3o-Geral de Estudos, Planeamento e Avalia\u00e7\u00e3o\",\"potentialAction\":[{\"@type\":\"SearchAction\",\"target\":{\"@type\":\"EntryPoint\",\"urlTemplate\":\"https:\\\/\\\/dev.dgepa.meci.pt\\\/?s={search_term_string}\"},\"query-input\":{\"@type\":\"PropertyValueSpecification\",\"valueRequired\":true,\"valueName\":\"search_term_string\"}}],\"inLanguage\":\"en-GB\"}]}<\/script>\n<!-- \/ Yoast SEO plugin. -->","yoast_head_json":{"title":"Dire\u00e7\u00e3o de Servi\u00e7os de Prospetiva e Planeamento de Pol\u00edticas P\u00fablicas - DGEPA","robots":{"index":"index","follow":"follow","max-snippet":"max-snippet:-1","max-image-preview":"max-image-preview:large","max-video-preview":"max-video-preview:-1"},"canonical":"https:\/\/dev.dgepa.meci.pt\/direcao-de-servicos-de-prospetiva-e-planeamento-de-politicas-publicas\/","og_locale":"en_GB","og_type":"article","og_title":"Dire\u00e7\u00e3o de Servi\u00e7os de Prospetiva e Planeamento de Pol\u00edticas P\u00fablicas - DGEPA","og_url":"https:\/\/dev.dgepa.meci.pt\/direcao-de-servicos-de-prospetiva-e-planeamento-de-politicas-publicas\/","og_site_name":"DGEPA","article_modified_time":"2026-03-27T12:47:01+00:00","twitter_card":"summary_large_image","schema":{"@context":"https:\/\/schema.org","@graph":[{"@type":"WebPage","@id":"https:\/\/dev.dgepa.meci.pt\/direcao-de-servicos-de-prospetiva-e-planeamento-de-politicas-publicas\/","url":"https:\/\/dev.dgepa.meci.pt\/direcao-de-servicos-de-prospetiva-e-planeamento-de-politicas-publicas\/","name":"Dire\u00e7\u00e3o de Servi\u00e7os de Prospetiva e Planeamento de Pol\u00edticas P\u00fablicas - DGEPA","isPartOf":{"@id":"https:\/\/dev.dgepa.meci.pt\/#website"},"datePublished":"2026-03-27T12:45:26+00:00","dateModified":"2026-03-27T12:47:01+00:00","breadcrumb":{"@id":"https:\/\/dev.dgepa.meci.pt\/direcao-de-servicos-de-prospetiva-e-planeamento-de-politicas-publicas\/#breadcrumb"},"inLanguage":"en-GB","potentialAction":[{"@type":"ReadAction","target":["https:\/\/dev.dgepa.meci.pt\/direcao-de-servicos-de-prospetiva-e-planeamento-de-politicas-publicas\/"]}]},{"@type":"BreadcrumbList","@id":"https:\/\/dev.dgepa.meci.pt\/direcao-de-servicos-de-prospetiva-e-planeamento-de-politicas-publicas\/#breadcrumb","itemListElement":[{"@type":"ListItem","position":1,"name":"Home","item":"https:\/\/dev.dgepa.meci.pt\/"},{"@type":"ListItem","position":2,"name":"Dire\u00e7\u00e3o de Servi\u00e7os de Prospetiva e Planeamento de Pol\u00edticas P\u00fablicas"}]},{"@type":"WebSite","@id":"https:\/\/dev.dgepa.meci.pt\/#website","url":"https:\/\/dev.dgepa.meci.pt\/","name":"DGEPA","description":"Directorate-General for Studies, Planning and Evaluation","potentialAction":[{"@type":"SearchAction","target":{"@type":"EntryPoint","urlTemplate":"https:\/\/dev.dgepa.meci.pt\/?s={search_term_string}"},"query-input":{"@type":"PropertyValueSpecification","valueRequired":true,"valueName":"search_term_string"}}],"inLanguage":"en-GB"}]}},"_links":{"self":[{"href":"https:\/\/dgepa.meci.pt\/en\/wp-json\/wp\/v2\/pages\/3305","targetHints":{"allow":["GET"]}}],"collection":[{"href":"https:\/\/dgepa.meci.pt\/en\/wp-json\/wp\/v2\/pages"}],"about":[{"href":"https:\/\/dgepa.meci.pt\/en\/wp-json\/wp\/v2\/types\/page"}],"author":[{"embeddable":true,"href":"https:\/\/dgepa.meci.pt\/en\/wp-json\/wp\/v2\/users\/3"}],"replies":[{"embeddable":true,"href":"https:\/\/dgepa.meci.pt\/en\/wp-json\/wp\/v2\/comments?post=3305"}],"version-history":[{"count":4,"href":"https:\/\/dgepa.meci.pt\/en\/wp-json\/wp\/v2\/pages\/3305\/revisions"}],"predecessor-version":[{"id":3309,"href":"https:\/\/dgepa.meci.pt\/en\/wp-json\/wp\/v2\/pages\/3305\/revisions\/3309"}],"wp:attachment":[{"href":"https:\/\/dgepa.meci.pt\/en\/wp-json\/wp\/v2\/media?parent=3305"}],"curies":[{"name":"wp","href":"https:\/\/api.w.org\/{rel}","templated":true}]}}

Direção de Serviços de Prospetiva e Planeamento de Políticas Públicas

<section id="block_4fcbd7f0ee8625f97c5e3f45426e32ea" class="content-block b-text --bg-white --width-full">

			<div class="c-section-intro --align-left">
	<div class="container">
							<h2 class="headline-1">Direção de Serviços de Prospetiva e Planeamento de Políticas Públicas (DSP4)</h2>					</div>
</div>

			<div class="container">
																	<div class="c-wysiwyg"><p>À <strong>DSP4</strong> compete:</p>
<p>a) Elaborar, coordenar, colaborar e promover a realização de análises ou estudos, incluindo de natureza prospetiva, para a formulação e acompanhamento de prioridades estratégicas em matéria de política pública do MECI, tendo em conta, sempre que relevante, as estratégias e iniciativas da União Europeia;</p>
<p>b) Contribuir para a preparação e elaboração dos instrumentos de planeamento estratégico do MECI e nacionais, nomeadamente os Orçamentos do Estado, as estratégias de médio e longo prazo, as Grandes Opções e o Programa Nacional de Reformas, no quadro da Rede de Planeamento e Prospetiva da Administração Pública (REPLAN);</p>
<p>c) Elaborar e atualizar um quadro de referência estratégica e um roteiro calendarizado e articulado para os diferentes horizontes temporais, com os correspondentes instrumentos de planeamento e medidas de política pública do MECI;</p>
<p>d) Apoiar na definição e articulação das medidas de políticas públicas, promovendo a sua coerência face às medidas em curso e aos instrumentos de planeamento em vigor, em articulação com a Direção de Serviços de Monitorização e Avaliação de Políticas Públicas;</p>
<p>e) Elaborar pareceres ou notas de natureza prospetiva sobre políticas públicas do MECI;+</p>
<p>f) Conceber e difundir guias metodológicos e instrumentos de planeamento das políticas públicas desenvolvidas no âmbito do MECI;</p>
<p>g) Contribuir para a conceção de iniciativas legislativas do MECI, no âmbito do planeamento estratégico e da formulação, articulação e coerência de políticas públicas;</p>
<p>h) Assegurar a interlocução, no plano técnico, com entidades nacionais e internacionais relevantes na área de atuação da DSP4;</p>
<p>i) Coordenar as atividades relevantes entre todos os organismos das áreas governativas da educação, ensino superior, ciência e inovação para a prossecução das atribuições da DSP4;</p>
<p>j) Recolher junto de todos os organismos das áreas governativas da educação, ensino superior, ciência e inovação, informação qualitativa e quantitativa relevante para o planeamento e prospetiva de políticas públicas do MECI;</p>
<p>k) Assegurar os conteúdos das ações de capacitação e desenvolvimento de competências dirigidas aos organismos e serviços do MECI, na sua área de atuação;</p>
<p>l) Prestar apoio técnico no âmbito das suas competências, quando solicitado, a outros serviços e organismos do MECI.</p>
</div>
											</div>

		</section>

<!-- This site is optimized with the Yoast SEO plugin v27.5 - https://yoast.com/product/yoast-seo-wordpress/ -->
<title>Direção de Serviços de Prospetiva e Planeamento de Políticas Públicas - DGEPA</title>
<meta name="robots" content="index, follow, max-snippet:-1, max-image-preview:large, max-video-preview:-1" />
<link rel="canonical" href="https://dev.dgepa.meci.pt/direcao-de-servicos-de-prospetiva-e-planeamento-de-politicas-publicas/" />
<meta property="og:locale" content="en_GB" />
<meta property="og:type" content="article" />
<meta property="og:title" content="Direção de Serviços de Prospetiva e Planeamento de Políticas Públicas - DGEPA" />
<meta property="og:url" content="https://dev.dgepa.meci.pt/direcao-de-servicos-de-prospetiva-e-planeamento-de-politicas-publicas/" />
<meta property="og:site_name" content="DGEPA" />
<meta property="article:modified_time" content="2026-03-27T12:47:01+00:00" />
<meta name="twitter:card" content="summary_large_image" />
<script type="application/ld+json" class="yoast-schema-graph">{"@context":"https:\/\/schema.org","@graph":[{"@type":"WebPage","@id":"https:\/\/dev.dgepa.meci.pt\/direcao-de-servicos-de-prospetiva-e-planeamento-de-politicas-publicas\/","url":"https:\/\/dev.dgepa.meci.pt\/direcao-de-servicos-de-prospetiva-e-planeamento-de-politicas-publicas\/","name":"Direção de Serviços de Prospetiva e Planeamento de Políticas Públicas - DGEPA","isPartOf":{"@id":"https:\/\/dev.dgepa.meci.pt\/#website"},"datePublished":"2026-03-27T12:45:26+00:00","dateModified":"2026-03-27T12:47:01+00:00","breadcrumb":{"@id":"https:\/\/dev.dgepa.meci.pt\/direcao-de-servicos-de-prospetiva-e-planeamento-de-politicas-publicas\/#breadcrumb"},"inLanguage":"en-GB","potentialAction":[{"@type":"ReadAction","target":["https:\/\/dev.dgepa.meci.pt\/direcao-de-servicos-de-prospetiva-e-planeamento-de-politicas-publicas\/"]}]},{"@type":"BreadcrumbList","@id":"https:\/\/dev.dgepa.meci.pt\/direcao-de-servicos-de-prospetiva-e-planeamento-de-politicas-publicas\/#breadcrumb","itemListElement":[{"@type":"ListItem","position":1,"name":"Home","item":"https:\/\/dev.dgepa.meci.pt\/"},{"@type":"ListItem","position":2,"name":"Direção de Serviços de Prospetiva e Planeamento de Políticas Públicas"}]},{"@type":"WebSite","@id":"https:\/\/dev.dgepa.meci.pt\/#website","url":"https:\/\/dev.dgepa.meci.pt\/","name":"DGEPA","description":"Direção-Geral de Estudos, Planeamento e Avaliação","potentialAction":[{"@type":"SearchAction","target":{"@type":"EntryPoint","urlTemplate":"https:\/\/dev.dgepa.meci.pt\/?s={search_term_string}"},"query-input":{"@type":"PropertyValueSpecification","valueRequired":true,"valueName":"search_term_string"}}],"inLanguage":"en-GB"}]}</script>
<!-- / Yoast SEO plugin. -->

Direção de Serviços de Prospetiva e Planeamento de Políticas Públicas - DGEPA
